*2 + 7 - 13 + l*x + 9. Calculate c(-2).
-9
Let k(c) = 3 - 2*c + 1 + 4*c. Let s be ((-1)/2)/(24/(-192)) + 2 + -1. What is k(s)?
14
Let c(t) be the first derivative of 23*t**3/3 + 115*t**2/2 + 8996. Give c(-5).
0
Let n = 38 + 19. Let i(y) = 3 - 12 - 46*y + n*y - y**3 + 9*y**2. Let z be i(10). Let d(a) = -9*a**3 - a. Give d(z).
-10
Let o(x) = -6*x**2 + 7*x - 5 + 0*x**3 - 2*x**2 + x**3. Suppose -t + 40 = 19. Suppose g = 3*g, g - t = -3*u. What is o(u)?
-5
Let l(p) = -6*p + 122*p**2 - p**3 - 79 - 228*p**2 + 95*p**2. Let h be l(-11). Let f(z) = z + 6. Give f(h).
-7
Let x be (-16)/4*((-222)/(-2960))/(3/30). Let p(t) = 0 + 1 + 6*t + 2*t. Determine p(x).
-23
Let a(c) = -c**3 - 5*c**2 + 6*c + 1. Suppose 169 = -3*k + 961. Let n = k + -270. What is a(n)?
1
Suppose 5*y - 1 = -2*t + 5, -3*y - t + 4 = 0. Let k(p) = 144*p**3 + p + p - 1 + p - 149*p**3. What is k(y)?
-35
Let x(h) = -h**2 + 39*h - 162. Let l be (-18)/42 - (-1687)/49. Calculate x(l).
8
Let g(y) = -3 - y**3 + 7*y + 0*y + 3*y**2 - 6*y - 2*y. Suppose 5*v = 8 + 7. Give g(v).
-6
Let f(o) be the first derivative of -o**4/4 + 14*o**3/3 + 15*o**2/2 + 8*o + 587. Determine f(15).
8
Let q(d) be the second derivative of d**8/960 - d**7/2520 + d**6/360 - d**5/120 - d**4/12 + 3*d - 1. Let l(c) be the third derivative of q(c). Determine l(1).
7
Let f(g) = g**3 + 35*g**2 + 277*g + 12. Let m be f(-12). Let l(c) = -c**3 - c**2 - c - 10. What is l(m)?
-10
Let m(u) = u - 4. Let y(j) = 2*j**2 + 22*j + 20. Suppose -n + 32 = -3*i, 5*i + 5*n = 4*n - 48. Let w be y(i). Give m(w).
-4
Suppose -2*a + 4*z - 26 = 0, 18 = -a + 133*z - 132*z. Let d(w) = -8*w - 168. Calculate d(a).
16
Suppose -4*k + 5 = -15. Suppose 31*v = 5*h + 35*v + 25, -3*h + 22 = -k*v. Let o(q) = -2*q**3 + 2*q**2 - q - 2. What is o(h)?
3
Let s(a) = 8*a + 45. Let w be (-672)/(-128)*(-112)/42. Calculate s(w).
-67
Suppose o = -2*o - 2*l + 1, -2*o = 4*l + 10. Let v(q) = 135*q - 3*q**o + 2 - 77*q - 59*q. Determine v(-2).
28
Let z(i) = -77654*i**3 + 158 + 4*i + 77655*i**3 - 56 + 7*i**2. What is z(-8)?
6
Let s(o) = -8*o**3 + 0*o**2 - o + 2*o**2 - 2*o**2. Let n be 9/(-6)*-18*(-4 + 5). Suppose -23 = n*a - 4*a. What is s(a)?
9
Suppose 3*b - 2*b = -5*b. Suppose 0 = -2*j - b*j - 5*l - 16, -5*l = -j + 22. Let q(k) = 7*k**2. Calculate q(j).
28
Let t(k) = -2*k**2 - 12*k + 13. Let x(r) = r**3 + 7*r**2 - 9*r - 5. Let o be x(-8). Suppose -q - q - 3*u = 18, -27 = 3*q - o*u. Give t(q).
-41
Let z(b) = 123*b + b**2 - 17 - 383*b + 126*b + 124*b. Calculate z(10).
-17
Let d = -11735 - -11741. Let v(k) = 12 - 5 - 4*k - 2*k**2 + 3*k**2. Calculate v(d).
19
Let x(z) be the first derivative of 3*z + 35 + 5/2*z**2 + 1/6*z**3. Let n(d) be the first derivative of x(d). Give n(0).
5
Let d(m) be the second derivative of 68*m + 0 + 1/4*m**4 - 2/3*m**3 - 2*m**2. Calculate d(4).
28
Let a = 206 - 154. Let s = -61 + a. Let t(w) = -w**3 - 9*w**2 - w - 5. What is t(s)?
4
Let c(j) = -j**2 + j + 18. Suppose -14*v + 0 = -28. Suppose -11*k = -v*k. Give c(k).
18
Let w(z) = -z - 15. Suppose -2*o - 4*x + 4 = 0, -4*o = 3*x - 4 - 19. Let f(h) = 4 - 5 - 10*h + 11*h + o. Let k be f(-7). Give w(k).
-15
Let w(r) be the first derivative of -22 - 12*r - 1/2*r**2. Give w(-9).
-3
Let c(s) be the second derivative of -23*s**3/6 - 13*s**2/2 - 45*s + 1. What is c(-4)?
79
Let w(v) = -v**3 - 2*v**2 + 3*v - 3. Let p be (-27 - -4)*-2*1. Let r = p + -44. Suppose -r*o = 10 - 4. Give w(o).
-3
Let y(u) be the first derivative of -u**4/4 + 3*u**3 - 7*u**2/2 + u + 16412. Let w = 2 - -7. Let s be (-3 - (-4)/2) + w. What is y(s)?
9
Let y(d) be the second derivative of -27*d - 1/2*d**2 + 0 + d**3. Let o be 3 + -3 + 1/1. Determine y(o).
5
Suppose 0*v = v + 2*h - 13, -4*v + 28 = 2*h. Suppose -2*i = p - 2, -2*p - 8 + 30 = -v*i. Let w(q) = p*q + q**2 + 3 + 7 + 0 - 3. Calculate w(-5).
2
Let x = -196 + 210. Let b(f) be the first derivative of 4*f**2 + 8*f + 2. Let d(a) = -3*a - 3. Let z(g) = x*d(g) + 5*b(g). What is z(-4)?
6
Let x(j) = -3*j**2 - 1 + 0 + 0. Let s(d) = -13*d + 25*d**2 - 16 - 23*d**2 - 4*d**2. Let r be s(-5). What is x(r)?
-4
Let i(h) = -128*h**3 - 2*h - 123*h**3 - 131*h**3 - 2*h**2 - 129*h**3 + 512*h**3 + 3. Let x = 3 + -1. Calculate i(x).
-1
Suppose 21 = 35*v - 49. Let w(b) = 17*b + 2*b**3 - 2*b**3 - 16*b - 6*b**3 + 1 - b**v. Calculate w(-1).
5
Let d(k) = 35*k - 16*k + 25 - 11*k - 74. What is d(6)?
-1
Suppose -3 = -3*n + 6. Suppose x + 8 = n*x. Suppose x = f + 3*f, 5*l = -f + 26. Let c(u) = u**2 - 4*u + 3. Determine c(l).
8
Suppose 5*k + 3*j - 24 = 0, -2*j - 5 = -1. Let b(q) = -14 + 8*q - 7*q + k + q. Let i be 4*(11/(-2) + 4). Determine b(i).
-20
Let m = -1 - -5. Suppose -9*b + 175 = 16*b. Let j(n) = 28 - b - 12 - n**3 - n + 4*n**2 + 0*n - 13. Give j(m).
-8
Let s(y) = -2*y**3 + 189*y**2 + 97*y - 184. Let u be s(95). Let b(m) be the first derivative of m**2/2 + 5*m - 2. Give b(u).
11
Let l(f) = -8*f - 18. Let g(d) = -2*d**3 - 34*d**2 - 102*d + 6. Let m be g(-4). Calculate l(m).
-2
Let y(l) = -l + 8. Let x be y(6). Let a = x + -5. Let g(t) = -1 - 179*t + 3 + 55*t + 59*t + 66*t - 1. Determine g(a).
-2
Let f(z) = -z**2 - 9*z - 3. Let a(x) = x**2 + 14*x - 5. Let n be a(-15). Suppose n*c = 5*c + 10. Suppose c*m = -12 - 4. What is f(m)?
5
Let u(o) = o**3 - 5*o**2 - 5*o + 5. Let c = -184 - -191. Let l be 10/1*(c + (-65)/10). Determine u(l).
-20
Let m(q) = q. Let a(d) = 12*d**2 - 7*d. Let f(s) = a(s) + 6*m(s). Let g be -4 + -1 + (63/(-252))/((-1)/24). Calculate f(g).
11
Let c(m) be the first derivative of -m**3/3 + m**2/2 + 14*m - 5. Let k be c(5). Let l(i) = -4*i + 2*i**2 - 2 + 9*i - i**2 + 3. Give l(k).
7
Let v(r) = 8*r**3 - 4*r**2 + 3. Let g(k) be the first derivative of -k**4 + 2*k**3/3 - k + 32. Let p(c) = -5*g(c) - 2*v(c). Give p(2).
23
Let o(u) = u**3 + 4*u**2 - u - 3. Let k = 6 + -10. Let s be o(k). Let y(x) = 357*x - 167. Let m(t) = -465*t + 217. Let z(g) = 10*m(g) + 13*y(g). Calculate z(s).
-10
Let k(t) = -t**2 - 4*t - 5. Suppose 2*l - 19*h + 31 = -16*h, 2*l = -3*h - 37. Let w be l/(-136) - 82/16. What is k(w)?
-10
Let b = 2 - -5. Let f(x) = -35*x**2 + 25*x - 1. Let s(k) = 16*k**2 - 12*k + 1. Let j(p) = -5*f(p) - 11*s(p). Calculate j(b).
-6
Let h(c) = 6*c**3 + 31*c**2 - 25*c + 40. Let y(d) = -7*d**3 - 33*d**2 + 26*d - 41. Let o(s) = 6*h(s) + 5*y(s). What is o(-22)?
-9
Let x(t) = -4*t - 14. Suppose 0 = 26*f - 16*f. Suppose 0 = -5*w - 4*s - 15 + 3, 4*w - 2*s + 20 = f. Calculate x(w).
2
Let p(a) be the first derivative of a**2 + 202 + 1/3*a**3 + 3*a. Suppose -3*v - v - 12 = 0. Calculate p(v).
6
Let d = -10866 + 10860. Let u(w) = w**3 + 6*w**2 - 2*w - 17. What is u(d)?
-5
Suppose -4*f = 3*h + 198, -3*f = -h - 8*f - 55. Let m = -62 - h. Let o(v) = -v + 7. Give o(m).
-1
Let m be 3 + (-7 - -10) + 1 - 2. Let u(j) = 13*j**2 + 7 - 7*j**2 - 5*j - 5*j**2. What is u(m)?
7
Let y(a) = 235881*a - 9*a**2 - 235877*a + 3*a**3 - 4*a**3 - 9. What is y(-10)?
51
Let c(l) = -236*l - 1402. Let x be c(-6). Let r(v) = -v**3 + 13*v**2 + 12*v + 21. Calculate r(x).
-7
Let s(u) = u**3 + 15*u**2 + 15*u - 10. Let t be -4*39/52 + -11. Give s(t).
-24
Suppose 2 = -4*p + 26. Let u(a) = -6*a + p*a**3 - 8*a**2 - 4*a**3 + 19 - 3*a**3 - a**2. Let m be u(-8). Let g(l) = -2*l + 2. Give g(m).
-4
Let y(s) = s**3 + 7*s**2 + 9*s + 9. Let n(l) = 116*l**2 + l - 2. Let f be 2 - 8 - -3 - -4. Let v be n(f). Suppose v*o - 6 = 116*o. Determine y(o).
-9
Suppose 160*y - 96 - 224 = 0. Let z(f) = 12*f. Let v(h) = h. Let c(j) = -27*v(j) + 2*z(j). What is c(y)?
-6
Let b = 171 - 367. Let l = b - -196. Let n(p) = -p**2 + 6. Calculate n(l).
6
Let g(j) be the first derivative of -5/2*j**2 + 0*j - 20. Let x(o) = -o**2 - o - 1. Let l be x(-1). Give g(l).
5
Let k(p) = -334 + 113 + p + 109 + 97. Determine k(19).
4
Let u(i) = -1212*i + 594*i + 6 + 19 + 616*i. Calculate u(25).
-25
Let q(l) = -27*l - 8. Let o(n) = -183*n + 12079. Let x be o(66). Determine q(x).
-35
Let x(t) be the first derivative of -t**4/4 - 16*t**3/3 - 24*t**2 - 5*t - 2359. Give x(-12).
-5
Let c(z) = 3215 - 1600 + z - 1590. Let l(n) = n + 21. Let p be l(-21). Calculate c(p).
25
Let x be (-4)/2 + -2 + 4. Suppose x = -4*p - 61 - 59. Let s = p - -29. Let b(z) = -9*z + 1. Give b(s).
10
Suppose 2*c - 6 + 0 = 0. Let n(r) = -4*r + 2*r + r**2 + c*r**3 - 2*r**3 + 3 + 0*r. Determine n(-3).
-9
Let r(g) = 9*g + 94. Suppose -6